w - 48, 4*d - 88 = 4*w. Calculate the remainder when 23 is divided by d.
6
Let z(t) = t. Let h be z(5). Suppose -h*k = -3 - 17. What is the remainder when 13 is divided by k?
1
Suppose -2*h - 4*y + 64 = -0*y, -3*h + 100 = 5*y. Let n = h - 10. Calculate the remainder when n is divided by 16.
14
Let c = -11 - -27. Let l = 96 - 65. What is the remainder when l is divided by c?
15
Suppose -2*w - 2*z - 6 = 0, 0 = 4*w - 7*w + z + 3. Suppose w = -3*q + 9. What is the remainder when 17 is divided by q - (0 + -2 + 0)?
2
Suppose 3 = -s + 19. Let t = -52 + 113. Calculate the remainder when t is divided by s.
13
Suppose -3*d = -4*o + 75, 0 = 2*o - 3*d + 8*d - 5. Calculate the remainder when 103 is divided by o.
13
Suppose -2*f = -0*f. Suppose 3*x - 3*a = f, 3*x + 8 = 4*x + a. Calculate the remainder when x is divided by 2.
0
Let s = 3 - 1. Let p be (-3)/s*2*-1. Suppose 0*l - 5*f + 9 = -l, -p*l - 4*f + 49 = 0. Calculate the remainder when 21 is divided by l.
10
Let n(v) = -11*v + 16. Calculate the remainder when n(-5) is divided by 19.
14
Let x(q) = q**3 + 3*q**2 - 3*q - 3. Let r be x(-4). Let d(f) = -3*f - 6. Suppose 2*o = 5*o - 24. What is the remainder when d(r) is divided by o?
7
Let v(l) = 10*l + 3. What is the remainder when v(2) is divided by 14?
9
Let t be (-8)/(-6)*(0 - -3). Suppose t*k + 4 - 48 = 0. Let y = 9 + 11. Calculate the remainder when y is divided by k.
9
Let r(o) = -o**3 - 6*o**2 - 3*o - 1. Let v(y) = -y**2 + y. Let d be v(0). Let h be (-6 + 0)/(d + 1). Calculate the remainder when 50 is divided by r(h).
16
Suppose -v = 3*s - 11, -8*s = -3*s - 2*v - 11. Suppose m + 12 = s*m. Let p = -12 + 29. Calculate the remainder when p is divided by m.
5
Suppose -a + 5*u = -5, 3*a - 3*u - 5 = 2*a. Suppose 3*d = 3*s - d - 119, -3*s = a*d - 128. Let x = 12 + 2. What is the remainder when s is divided by x?
13
Let m = 58 - 39. What is the remainder when 74 is divided by m?
17
Let w = -188 - -372. Let f = w + -117. What is the remainder when f is divided by 23?
21
Calculate the remainder when 59 is divided by (-1 + 17/(-3))/(6/(-18)).
19
Let n be (2 + -6)*6/(-8). Suppose 3 = -n*j + 66. Calculate the remainder when j is divided by 4.
1
Let g = 112 - 72. Let x(i) = -i**3 + 4*i**2 + 5*i - 6. Suppose 4 = -2*z + 3*z. What is the remainder when g is divided by x(z)?
12
Let n be (-1)/5 + (-255)/(-25). Suppose 4*j + n*v = 5*v + 74, v = 4*j - 62. Let y(g) = -16*g - 1. What is the remainder when y(-3) is divided by j?
15
Let j(g) = 4*g**2 - 1. Let b be j(-1). Suppose b*y + h - 19 = 0, 0 = y - 0*h - h - 13. What is the remainder when 15 is divided by y?
7
Let r = 99 - 61. What is the remainder when r is divided by 5?
3
Suppose -g + 6 = g. Suppose -2*h + 30 + 11 = -m, -55 = -g*h - 5*m. Let j = 25 - 14. Calculate the remainder when h is divided by j.
9
Let b(j) = -1 - 6 + 2*j**2 - 1 + 2 - j. What is the remainder when b(5) is divided by 3*5*(-4)/(-3)?
19
Calculate the remainder when (-2)/(-1) + 0/(-3 + 9) is divided by 1.
0
Let p = -8 + 20. Let i be 4 + -1 + 1 + -1. Calculate the remainder when (39 - i/1) + -3 is divided by p.
9
Suppose -25 = h - 5*d, 3*h + 12 = -4*d - 44. Let n be (-42)/10 - 4/h. What is the remainder when 49 is divided by (3 + (-13)/n)*4?
24
Calculate the remainder when 17 is divided by 104/18 - (-32)/144.
5
Let p(m) = -m**3 - 2*m**2 - 2*m - 4. Suppose 5*l - 4*y - 92 = 0, 0*l - 5*l + 5*y = -90. What is the remainder when l is divided by p(-3)?
9
Let v = -1 - 1. What is the remainder when ((-52)/(-1))/(v - -4) is divided by 63/6*4/3?
12
Suppose 0*i = 5*i + s + 25, -29 = i + 5*s. Let p be (-15 - -2) + 0 - -2. Let m = i - p. What is the remainder when 19 is divided by m?
5
Let f = 49 + -18. What is the remainder when f is divided by 1*2 - -7*2?
15
Let o = 60 + -35. Calculate the remainder when o is divided by (-660)/(-48) + (-3)/4.
12
Suppose -3*o + 9*o = 138. Let h(p) = p**3 - 9*p**2 - 5*p + 11. Let x be h(9). Let d = -22 - x. What is the remainder when o is divided by d?
11
Let m = 6 + -3. Suppose 3*i + 42 = -3*f, -m*f - 2*i - 47 = -4*i. What is the remainder when 48/f*1*-5 is divided by 9?
7
Let c(y) = 1 + 8*y**2 + 6*y**2 - 5*y**2 + 0*y**2. Calculate the remainder when c(-3) is divided by 21.
19
Let p(j) = -7*j + 110. Calculate the remainder when p(0) is divided by 28.
26
Let t(l) = l**2 - 10*l - 6. Let x be t(11). Let y(f) = -f - 6 - 2*f + 3*f**2 - 2*f**2. Calculate the remainder when 10 is divided by y(x).
2
Let l(i) = -i**2 - 4*i + 2. Let o be l(-6). Let x = o + 1. Let y = x - -24. What is the remainder when 44 is divided by y?
14
Let x(z) = z**3 - 2*z**2. Let d be x(2). Suppose 60 = -d*p + 4*p. Suppose 33 = 3*u - p. What is the remainder when u is divided by 6?
4
Let x(v) = v + 25. Suppose -12 + 60 = 3*u. What is the remainder when x(19) is divided by u?
12
Let s(l) = -2*l - 6 + 0*l + 2. Calculate the remainder when 5 is divided by s(-3).
1
Suppose q - 8 = 2*r - 82, -2*r = q - 70. What is the remainder when r is divided by 13?
10
Let z = 10 - -9. Let s = z + 1. Let h = 115 - 77. What is the remainder when h is divided by s?
18
Suppose 0 = -3*v + 56 + 73. What is the remainder when v is divided by 11?
10
Suppose 5*u - 2*a = -6*a + 19, 0 = -u + 5*a - 2. Suppose 0 = u*v - v - 28. Calculate the remainder when v is divided by 8.
6
Let t(b) = b**3 - 8*b**2 + 16*b - 15. What is the remainder when 87 is divided by t(6)?
6
Let b = -7 - -12. Suppose -35 + 5 = -5*r. What is the remainder when r is divided by b?
1
Let n(o) = 7*o - 2. Let d be n(2). What is the remainder when 25 is divided by (-94)/(-10) + d/(-30)?
7
Suppose -y - 20 = -6*y. Suppose 3*c - o = 12, 2*o + 11 = y*c - o. What is the remainder when 7 is divided by c?
2
Let p = 92 - 136. Let t = 28 + p. Let n = -3 - t. What is the remainder when 25 is divided by n?
12
Let x(o) = o**2 + 2*o - 2. Calculate the remainder when x(-7) is divided by 9.
6
Let c = 11 + -5. Suppose 124 = m + m. What is the remainder when 8/12 - m/(-6) is divided by c?
5
Let b = -7 + 17. Let h be -2 - 1/((-2)/b). Suppose p = -h + 16. Calculate the remainder when p is divided by 5.
3
Let j = -13 - -18. Let l = 3 - 3. Suppose -9 = -4*n - 5*s + 36, l = n - 2*s + j. What is the remainder when 14 is divided by n?
4
Suppose 48 = 3*b - 15. Suppose 0 = -c + 4*s + 7, -b = -3*c + 3*s + 2*s. Calculate the remainder when c is divided by 2.
1
Let s(o) = -o**3 + 9*o**2 + 11*o + 11. Let h = -45 + 85. What is the remainder when h is divided by s(10)?
19
Let i = 8 - 3. Suppose -2*p + 10 = 3*p, -4*w - 4*p + 24 = 0. Suppose 3*o - w*a - 39 = 0, 2*a - 9 = -2*o - a. Calculate the remainder when o is divided by i.
4
Suppose 23 = 5*l - 7. Suppose 2*x + 366 = 5*q, -l + 312 = 4*q + 5*x. Calculate the remainder when q is divided by 19.
17
Suppose 0*g - 9*g = -54. What is the remainder when 45 is divided by g?
3
Let v be 7/(-9) + 2/(-9). Let n(h) = -59*h - 1. Calculate the remainder when n(v) is divided by 20.
18
Let n = -14 - -25. What is the remainder when 43 is divided by n?
10
Let s = 51 - -91. What is the remainder when s is divided by 36?
34
What is the remainder when 41 is divided by (161/14)/((-2)/(-4))?
18
Let f = -15 - -77. Let g = f + -18. What is the remainder when g is divided by 23?
21
Suppose 0 = 4*a - 4*s - 64, -3*s - 37 = -a - a. Let p = 37 - 17. What is the remainder when p is divided by a?
9
Suppose 0 = -5*s + 2*z + 165 + 264, -3*z - 431 = -5*s. What is the remainder when s is divided by 22?
19
Let n(h) = -3*h - 6. Let c be n(-4). Suppose f = b - 3 - 0, 4*f = -b + 18. What is the remainder when (-8)/b*(-9)/c is divided by 1?
0
Calculate the remainder when 1 - (-2 - 51 - -3) is divided by 18.
15
Let u(i) = i + 14. Let t be u(-10). Suppose t = j - 12. What is the remainder when j is divided by 6?
4
Let t be (-64)/(-6)*(-402)/4. Calculate the remainder when (1/(-2))/(8/t) is divided by 23.
21
Let j = 193 + -419. What is the remainder when 6/18 - j/6 is divided by 20?
18
Let w be 1 + -6 - 9/(-9). Let h(t) = -t**3 - 4*t**2 + 5. Let u(p) = -6*p**3 + 2*p**2 + p. What is the remainder when u(-1) is divided by h(w)?
2
Let d = -19 - -25. What is the remainder when 22 is divided by d?
4
Let u = 64 - 39. Calculate the remainder when 97 is divided by u.
22
Let w = 10 - 6. Let n = 10 - w. Suppose 2*x = n - 2. Calculate the remainder when x is